{"id":20,"date":"2024-07-07T09:21:00","date_gmt":"2024-07-07T07:21:00","guid":{"rendered":"http:\/\/claireolland.immo\/?page_id=20"},"modified":"2025-09-14T19:08:11","modified_gmt":"2025-09-14T17:08:11","slug":"location","status":"publish","type":"page","link":"http:\/\/claireolland.immo\/index.php\/location\/","title":{"rendered":"Location"},"content":{"rendered":"\n<p class=\"has-small-font-size\"><strong>Nos services sont&nbsp;\u00e0&nbsp; votre disposition pour la location.<\/strong> <\/p>\n\n\n\n<p><strong>BAIL D&rsquo;HABITATION<\/strong><\/p>\n\n\n\n<p><strong>LOCATAIRES :<\/strong><\/p>\n\n\n\n<p class=\"has-small-font-size\"><strong>En application&nbsp;\u00e0&nbsp; la loi ALUR, D\u00e9cret n\u00b0 2014-890 du 1er ao\u00fbt 2014 relatif au plafonnement des honoraires imputables aux locataires et aux modalit\u00e9s de transmission de certaines informations par les professionnels de l&rsquo;immobilier.<\/strong><\/p>\n\n\n\n<p class=\"has-small-font-size\"><strong>Prestations li\u00e9es \u00e0 la visite,&nbsp;\u00e0&nbsp; la constitution du dossier et&nbsp;\u00e0&nbsp; la r\u00e9daction du bail : 8\u20acm\u00b2<\/strong><\/p>\n\n\n\n<p class=\"has-small-font-size\"><strong>Etat des lieux : 3\u20acm\u00b2.<\/strong><\/p>\n\n\n\n<p><strong>PROPRIETAIRES (Tarif selon convention)<\/strong><\/p>\n\n\n\n<p class=\"has-small-font-size\"><strong>&#8211; Estimation de la valeur locative de votre bien et d\u00e9finition du montant du loyer avec le propri\u00e9taire bailleur<\/strong><\/p>\n\n\n\n<p class=\"has-small-font-size\"><strong>&#8211; Recherche de locataire par la mise en publicit\u00e9 de vos biens sur internet<\/strong><\/p>\n\n\n\n<p class=\"has-small-font-size\"><strong>&#8211; Visite du bien&nbsp;\u00e0&nbsp; louer avec les candidats locataires<\/strong><\/p>\n\n\n\n<p class=\"has-small-font-size\"><strong>&#8211; R\u00e9daction du contrat de location avec \u00e9tablissement le cas \u00e9ch\u00e9ant par un professionnel qualifi\u00e9 des diagnostics techniques obligatoires ( au tarif du prestataire)<\/strong><\/p>\n\n\n\n<p class=\"has-small-font-size\"><strong>&#8211; R\u00e9daction des \u00e9tats des lieux d&rsquo;entr\u00e9e et de sortie.<\/strong><\/p>\n\n\n\n<p class=\"has-small-font-size\"><strong>AUTRES BAUX<\/strong><\/p>\n\n\n\n<p class=\"has-small-font-size\"><strong>GARAGE \/ PARKING  Location et Redaction de bail <\/strong>: <strong>Locataire et propri\u00e9taire : forfait un mois de loyer.<\/strong><\/p>\n\n\n\n<p class=\"has-small-font-size\"><strong>Commercialisation d&rsquo;un local COMMERCIAL OU PROFESIONNEL<\/strong><\/p>\n\n\n\n<p class=\"has-small-font-size\"><strong>-Preneur  : 10% TTC du montant du loyer annuel HT et HC, avec un forfait minimum de 750\u20ac TTC                                                                                                                                                                                 -Bailleur : 7% TTC du montant du loyer annuel HT et HC, avec un forfait minimum de 375\u20ac TTC<\/strong><\/p>\n\n\n\n<p class=\"has-small-font-size\"><strong>R\u00e9daction de bail COMMERCIAL, RURAL OU PROFESSIONNEL et Etat des Lieux<\/strong><\/p>\n\n\n\n<p class=\"has-small-font-size\"><strong>-Honoraires \u00e0 la charge du Preneur calcul\u00e9s sur le montant du loyer sur 9 ann\u00e9es pour les baux commerciaux et ruraux, sur 6 ann\u00e9es pour les baux professionnels  forfait  de 625\u20ac HT soit 750\u20ac TTC<\/strong><\/p>\n\n\n\n<p class=\"has-small-font-size\"><strong>Renouvellement de bail COMMERCIAL : Honoraires \u00e0 la charge du Preneur  420 \u20ac HT Soit 504\u20ac TTC<\/strong><\/p>\n\n\n\n<p class=\"has-small-font-size\"><strong>Subrogation ou Avenant de bail COMMERCIAL : Honoraires \u00e0 la charge du Preneur 420\u20ac HT Soit 504\u20ac TTC<\/strong><\/p>\n\n\n\n<p class=\"has-small-font-size\"><strong>R\u00e9siliation de bail COMMERCIAL : Honoraires \u00e0 la charge du Preneur  150\u20ac HT soit 180\u20ac TTC<\/strong><\/p>\n\n\n\n<blockquote class=\"wp-embedded-content\" data-secret=\"uTwziuXD4c\"><a href=\"http:\/\/claireolland.immo\/index.php\/2025\/09\/14\/a-louer-maison-a-jury-1400-e-hc\/\">A LOUER MAISON A JURY 1400 \u20ac hc<\/a><\/blockquote><iframe loading=\"lazy\" class=\"wp-embedded-content\" sandbox=\"allow-scripts\" security=\"restricted\" style=\"position: absolute; visibility: hidden;\" title=\"\u00ab\u00a0A LOUER MAISON A JURY 1400 \u20ac hc\u00a0\u00bb &#8212; IMMOBILIERE CLAIRE OLLAND\" src=\"http:\/\/claireolland.immo\/index.php\/2025\/09\/14\/a-louer-maison-a-jury-1400-e-hc\/embed\/#?secret=1ycMd6jIOj#?secret=uTwziuXD4c\" data-secret=\"uTwziuXD4c\" width=\"525\" height=\"296\" frameborder=\"0\" marginwidth=\"0\" marginheight=\"0\" scrolling=\"no\"><\/iframe>\n\n\n\n\n\n\n\n<p><\/p>\n","protected":false},"excerpt":{"rendered":"<p>Nos services sont&nbsp;\u00e0&nbsp; votre disposition pour la location. BAIL D&rsquo;HABITATION LOCATAIRES : En application&nbsp;\u00e0&nbsp; la loi ALUR, D\u00e9cret n\u00b0 2014-890 du 1er ao\u00fbt 2014 relatif au plafonnement des honoraires imputables aux locataires et aux modalit\u00e9s de transmission de certaines informations par les professionnels de l&rsquo;immobilier. Prestations li\u00e9es \u00e0 la visite,&nbsp;\u00e0&nbsp; la constitution du dossier et&nbsp;\u00e0&nbsp; &hellip; <\/p>\n<p class=\"link-more\"><a href=\"http:\/\/claireolland.immo\/index.php\/location\/\" class=\"more-link\">Continuer la lecture<span class=\"screen-reader-text\"> de &laquo;&nbsp;Location&nbsp;&raquo;<\/span><\/a><\/p>\n","protected":false},"author":1,"featured_media":0,"parent":0,"menu_order":0,"comment_status":"closed","ping_status":"closed","template":"","meta":{"footnotes":""},"class_list":["post-20","page","type-page","status-publish","hentry"],"_links":{"self":[{"href":"http:\/\/claireolland.immo\/index.php\/wp-json\/wp\/v2\/pages\/20","targetHints":{"allow":["GET"]}}],"collection":[{"href":"http:\/\/claireolland.immo\/index.php\/wp-json\/wp\/v2\/pages"}],"about":[{"href":"http:\/\/claireolland.immo\/index.php\/wp-json\/wp\/v2\/types\/page"}],"author":[{"embeddable":true,"href":"http:\/\/claireolland.immo\/index.php\/wp-json\/wp\/v2\/users\/1"}],"replies":[{"embeddable":true,"href":"http:\/\/claireolland.immo\/index.php\/wp-json\/wp\/v2\/comments?post=20"}],"version-history":[{"count":89,"href":"http:\/\/claireolland.immo\/index.php\/wp-json\/wp\/v2\/pages\/20\/revisions"}],"predecessor-version":[{"id":2195,"href":"http:\/\/claireolland.immo\/index.php\/wp-json\/wp\/v2\/pages\/20\/revisions\/2195"}],"wp:attachment":[{"href":"http:\/\/claireolland.immo\/index.php\/wp-json\/wp\/v2\/media?parent=20"}],"curies":[{"name":"wp","href":"https:\/\/api.w.org\/{rel}","templated":true}]}}