{"id":27,"date":"2020-06-10T06:45:09","date_gmt":"2020-06-10T04:45:09","guid":{"rendered":"http:\/\/claireolland.immo\/?page_id=27"},"modified":"2020-06-12T22:09:27","modified_gmt":"2020-06-12T20:09:27","slug":"mentions-legales","status":"publish","type":"page","link":"http:\/\/claireolland.immo\/index.php\/mentions-legales\/","title":{"rendered":"Mentions l\u00e9gales"},"content":{"rendered":"\n<p class=\"has-small-font-size\">Directeur de publication : CLAIRE OLLAND Adresse postale IMMOBILIERE CLAIRE OLLAND 1 rue Chambiere 57000 Metz<\/p>\n\n\n\n<p class=\"has-small-font-size\"><strong>Mentions l\u00e9gales et conditions g\u00e9n\u00e9rales d\u2019utilisation<\/strong> Le pr\u00e9sent texte constitue les conditions g\u00e9n\u00e9rales d&rsquo;utilisation du Site web accessible \u00e0 l&rsquo;adresse \u00ab\u00a0\u00a0\u00bb (ci-apr\u00e8s d\u00e9nomm\u00e9 le \u00ab\u00a0Site\u00a0\u00bb). Le Site est soumis au droit fran\u00e7ais, aux juridictions fran\u00e7aises et a pour langue officielle le fran\u00e7ais. En acc\u00e9dant ou en utilisant ce Site, vous \u00eates r\u00e9put\u00e9 accepter ces conditions g\u00e9n\u00e9rales et la SASU IMMOBILIERE CLAIRE OLLAND peut d\u00e9cider de refuser l&rsquo;acc\u00e8s \u00e0 tout ou partie du Site \u00e0 tout utilisateur qui ne les respecterait pas. Vous vous engagez notamment \u00e0 ne pas adresser ou transmettre des textes ou images contraires \u00e0 la loi, ou susceptibles de choquer la sensibilit\u00e9, notamment par un contenu haineux, pornographique, ou incitatif \u00e0 des comportements du m\u00eame ordre. La SASU IMMOBILIERE CLAIRE OLLAND peut prendre toute mesure, ou engager toute action qu&rsquo;elle estime n\u00e9cessaire au cas o\u00fa son Site serait utilis\u00e9 pour diffuser des \u00e9l\u00e9ments de cette nature. La SASU IMMOBILIERE CLAIRE OLLAND a ouvert ce Site pour l&rsquo;information personnelle de ses utilisateurs. Aucune exploitation commerciale m\u00eame partielle des donn\u00e9es qui y sont pr\u00e9sent\u00e9es ne pourra \u00eatre effectu\u00e9e sans l&rsquo;accord pr\u00e9alable et \u00e9crit de la SASU IMMOBILIERE CLAIRE OLLAND. La SASU IMMOBILIERE CLAIRE OLLAND avise les utilisateurs de ce Site que les \u00e9l\u00e9ments de ce dernier sont prot\u00e9g\u00e9s par la l\u00e9gislation sur les droits d&rsquo;auteur : il s\u2019agit notamment des visuels, des articles, des s\u00e9quences anim\u00e9es, etc. Les \u00e9l\u00e9ments ainsi prot\u00e9g\u00e9s sont la propri\u00e9t\u00e9 de la SASU IMMOBILIERE CLAIRE OLLAND ou de tiers autoris\u00e9 par la SASU IMMOBILIERE CLAIRE OLLAND \u00e0 les exploiter. A ce titre, toute reproduction, repr\u00e9sentation, utilisation, adaptation, modification, incorporation, traduction, commercialisation, partielle ou int\u00e9grale, sans l&rsquo;autorisation \u00e9crite pr\u00e9alable de la SASU IMMOBILIERE CLAIRE OLLAND, est interdite, sous peine de constituer un d\u00e9lit de contrefa\u00e7on des droits d&rsquo;auteur et\/ou de dessins et\/ou de marque, puni de trois ans d&#8217;emprisonnement et de 300 000 \u20ac d&rsquo;amende (CPI, art. L335-1s).&nbsp; <strong>Donn\u00e9es personnelles<\/strong> Les informations nominatives concernant l&rsquo;utilisateur sont destin\u00e9es \u00e0 la SASU IMMOBILIERE CLAIRE OLLAND. L\u2019utilisateur est notamment inform\u00e9 que, conform\u00e9ment \u00e0 l\u2019article 27 de la loi Informatique, fichiers et libert\u00e9s du 6 janvier 1978, les informations qu\u2019il communique par le biais des formulaires d\u2019enqu\u00eates ou de demandes d\u2019informations sont n\u00e9cessaires pour r\u00e9pondre \u00e0 sa demande, et sont destin\u00e9es \u00e0 la SASU IMMOBILIERE CLAIRE OLLAND, responsable du traitement \u00e0 des fins de gestion des r\u00e9ponses. S\u2019il ne consent pas au transfert de ces informations aux directions concern\u00e9es par sa demande, l\u2019utilisateur doit en faire la demande par e-mail .<\/p>\n\n\n\n<p class=\"has-small-font-size\">Il peut revenir \u00e0 tout moment sur son consentement en envoyant un message \u00e0 cette m\u00eame adresse. Les utilisateurs du pr\u00e9sent Site sont tenus de respecter les dispositions de la loi relative \u00e0 l&rsquo;Informatique, aux fichiers et aux libert\u00e9s, dont la violation est passible de sanctions p\u00e9nales. Ils doivent notamment s&rsquo;abstenir, s&rsquo;agissant des informations nominatives auxquelles ils acc\u00e8dent, de toute collecte, de toute utilisation d\u00e9tourn\u00e9e, et d&rsquo;une mani\u00e8re g\u00e9n\u00e9rale, de tout acte susceptible de porter atteinte \u00e0 la vie priv\u00e9e ou \u00e0 la r\u00e9putation des personnes. <strong>Cookies<\/strong> La SASU IMMOBILIERE CLAIRE OLLAND peut d\u00e9cider, aux bonnes fins d&rsquo;utilisation de son Site, de placer des \u00ab cookies \u00bb sur votre ordinateur et d&rsquo;y acc\u00e9der. Un cookie est un petit fichier, souvent anonyme, contenant des donn\u00e9es, notamment un identifiant unique, transmis par le serveur d&rsquo;un site web \u00e0 votre navigateur et stock\u00e9 sur le disque dur de votre ordinateur. Param\u00e9trage relatif aux cookies de votre navigateur Vous pouvez configurer votre navigateur pour qu&rsquo;il accepte tous les cookies envoy\u00e9s par les sites que vous consultez, pour qu&rsquo;il rejette syst\u00e9matiquement tous ces cookies ou pour qu&rsquo;il vous demande \u00e0 chaque occasion si vous souhaitez ou non les accepter. Chaque navigateur \u00e9tant diff\u00e9rent, nous vous invitons \u00e0 consulter l&rsquo;aide de votre navigateur pour en savoir plus sur la fa\u00e7on de param\u00e9trer l&rsquo;acceptation des cookies.&nbsp; <strong>Liens<\/strong> Le Site peut contenir des liens vers d&rsquo;autres sites que la SASU IMMOBILIERE CLAIRE OLLAND n&rsquo;exploite pas. La SASU IMMOBILIERE CLAIRE OLLAND ne peut en aucune mani\u00e8re \u00eatre tenue responsable de la mise \u00e0 disposition de ces liens permettant l&rsquo;acc\u00e8s \u00e0 ces sites et sources externes, et ne peut supporter aucune responsabilit\u00e9 quant aux contenus, publicit\u00e9s, produits, services ou tout autre mat\u00e9riel disponibles sur ou \u00e0 partir de ces sites ou sources externes qui ne sont ni v\u00e9rifi\u00e9s ni approuv\u00e9s par ses \u00e9quipes.&nbsp; <strong>Responsabilit\u00e9<\/strong> La SASU IMMOBILIERE CLAIRE OLLAND s\u2019engage \u00e0 assurer tous ses efforts pour offrir des informations actualis\u00e9es et exactes. Cependant, elle ne saurait \u00eatre tenue pour responsable d&rsquo;erreurs, d&rsquo;omissions ou des r\u00e9sultats qui pourraient \u00eatre obtenus par un mauvais usage de ces informations. La SASU IMMOBILIERE CLAIRE OLLAND effectuera les modifications n\u00e9cessaires, d\u00e8s que ces erreurs sont port\u00e9es \u00e0 sa connaissance ; plus g\u00e9n\u00e9ralement, elle peut modifier, \u00e0 tout moment, sans pr\u00e9avis, tout ou partie du Site ainsi que ses conditions d&rsquo;utilisation, sans que sa responsabilit\u00e9 puisse \u00eatre engag\u00e9e de ce fait. Le t\u00e9l\u00e9chargement de tous mat\u00e9riels lors de l&rsquo;utilisation du service est \u00e0 aux risques et p\u00e9rils de l\u2019utilisateur. Celui-ci est seul responsable pour tout dommage subi par son ordinateur ou toutes pertes de donn\u00e9es cons\u00e9cutives \u00e0 ce t\u00e9l\u00e9chargement. Plus g\u00e9n\u00e9ralement, la SASU IMMOBILIERE CLAIRE OLLAND ne pourra en aucun cas \u00eatre responsable en cas de dommages directs et\/ou indirects r\u00e9sultant de l&rsquo;utilisation de ce Site. <strong>Disponibilit\u00e9<\/strong> Il est techniquement impossible de fournir le Site exempt de tout d\u00e9faut et ces d\u00e9fauts peuvent conduire \u00e0 l&rsquo;indisponibilit\u00e9 temporaire du Site. Le fonctionnement du Site peut \u00eatre affect\u00e9 par des \u00e9v\u00e9nements et\/ou des \u00e9l\u00e9ments que la SASU IMMOBILIERE CLAIRE OLLAND ne contr\u00f4le pas, tels que par exemple, des moyens de transmission et de communication entre la SASU IMMOBILIERE CLAIRE OLLAND, les utilisateurs du Site, les r\u00e9seaux, les fournisseurs. La SASU IMMOBILIERE CLAIRE OLLAND peut \u00e0 tout moment, modifier ou interrompre temporairement ou de fa\u00e7on permanente tout ou partie du Site pour effectuer des op\u00e9rations de maintenance et\/ou effectuer des am\u00e9liorations et\/ou des modifications sur le Site. La SASU IMMOBILIERE CLAIRE OLLAND informera, si possible, de chaque modification\/interruption des services disponibles sur le Site. La SASU IMMOBILIERE CLAIRE OLLAND n\u2019est pas responsable des cons\u00e9quences de toute modification, suspension ou interruption du Site.<\/p>\n\n\n\n<p class=\"has-small-font-size\"><strong>Int\u00e9grateur<\/strong> <strong>H\u00e9bergeur<\/strong> ovh<\/p>\n\n\n\n<p class=\"has-small-font-size\">\u00a9 2020 SASU IMMOBILIERE CLAIRE OLLAND &#8211; tous droits r\u00e9serv\u00e9s<\/p>\n","protected":false},"excerpt":{"rendered":"<p>Directeur de publication : CLAIRE OLLAND Adresse postale IMMOBILIERE CLAIRE OLLAND 1 rue Chambiere 57000 Metz Mentions l\u00e9gales et conditions g\u00e9n\u00e9rales d\u2019utilisation Le pr\u00e9sent texte constitue les conditions g\u00e9n\u00e9rales d&rsquo;utilisation du Site web accessible \u00e0 l&rsquo;adresse \u00ab\u00a0\u00a0\u00bb (ci-apr\u00e8s d\u00e9nomm\u00e9 le \u00ab\u00a0Site\u00a0\u00bb). Le Site est soumis au droit fran\u00e7ais, aux juridictions fran\u00e7aises et a pour langue &hellip; <\/p>\n<p class=\"link-more\"><a href=\"http:\/\/claireolland.immo\/index.php\/mentions-legales\/\" class=\"more-link\">Continuer la lecture<span class=\"screen-reader-text\"> de &laquo;&nbsp;Mentions l\u00e9gales&nbsp;&raquo;<\/span><\/a><\/p>\n","protected":false},"author":1,"featured_media":0,"parent":0,"menu_order":0,"comment_status":"closed","ping_status":"closed","template":"","meta":{"footnotes":""},"class_list":["post-27","page","type-page","status-publish","hentry"],"_links":{"self":[{"href":"http:\/\/claireolland.immo\/index.php\/wp-json\/wp\/v2\/pages\/27","targetHints":{"allow":["GET"]}}],"collection":[{"href":"http:\/\/claireolland.immo\/index.php\/wp-json\/wp\/v2\/pages"}],"about":[{"href":"http:\/\/claireolland.immo\/index.php\/wp-json\/wp\/v2\/types\/page"}],"author":[{"embeddable":true,"href":"http:\/\/claireolland.immo\/index.php\/wp-json\/wp\/v2\/users\/1"}],"replies":[{"embeddable":true,"href":"http:\/\/claireolland.immo\/index.php\/wp-json\/wp\/v2\/comments?post=27"}],"version-history":[{"count":3,"href":"http:\/\/claireolland.immo\/index.php\/wp-json\/wp\/v2\/pages\/27\/revisions"}],"predecessor-version":[{"id":271,"href":"http:\/\/claireolland.immo\/index.php\/wp-json\/wp\/v2\/pages\/27\/revisions\/271"}],"wp:attachment":[{"href":"http:\/\/claireolland.immo\/index.php\/wp-json\/wp\/v2\/media?parent=27"}],"curies":[{"name":"wp","href":"https:\/\/api.w.org\/{rel}","templated":true}]}}